{"id":105,"date":"2024-06-24T15:55:37","date_gmt":"2024-06-24T13:55:37","guid":{"rendered":"http:\/\/zwyzka-kielce.pl\/?page_id=105"},"modified":"2024-06-28T10:28:09","modified_gmt":"2024-06-28T08:28:09","slug":"realizacje","status":"publish","type":"page","link":"http:\/\/zwyzka-kielce.pl\/?page_id=105","title":{"rendered":"Ralizacje"},"content":{"rendered":"\t\t<div data-elementor-type=\"wp-page\" data-elementor-id=\"105\" class=\"elementor elementor-105\">\n\t\t\t\t<div class=\"elementor-element elementor-element-f20369d e-flex e-con-boxed e-con e-parent\" data-id=\"f20369d\" data-element_type=\"container\" data-e-type=\"container\">\n\t\t\t\t\t<div class=\"e-con-inner\">\n\t\t\t\t\t<\/div>\n\t\t\t\t<\/div>\n\t\t<div class=\"elementor-element elementor-element-07c1cf5 e-grid e-con-boxed e-con e-parent\" data-id=\"07c1cf5\" data-element_type=\"container\" data-e-type=\"container\">\n\t\t\t\t\t<div class=\"e-con-inner\">\n\t\t\t\t<div class=\"elementor-element elementor-element-47a8ab0 elementor-widget elementor-widget-image\" data-id=\"47a8ab0\" data-element_type=\"widget\" data-e-type=\"widget\" data-widget_type=\"image.default\">\n\t\t\t\t<div class=\"elementor-widget-container\">\n\t\t\t\t\t\t\t\t\t\t\t\t\t\t\t<img fetchpriority=\"high\" decoding=\"async\" width=\"740\" height=\"989\" src=\"https:\/\/zwyzka-kielce.pl\/wp-content\/uploads\/2024\/06\/image000001-766x1024.jpg\" class=\"attachment-large size-large wp-image-125\" alt=\"\" srcset=\"https:\/\/zwyzka-kielce.pl\/wp-content\/uploads\/2024\/06\/image000001-766x1024.jpg 766w, https:\/\/zwyzka-kielce.pl\/wp-content\/uploads\/2024\/06\/image000001-224x300.jpg 224w, https:\/\/zwyzka-kielce.pl\/wp-content\/uploads\/2024\/06\/image000001-768x1027.jpg 768w, https:\/\/zwyzka-kielce.pl\/wp-content\/uploads\/2024\/06\/image000001.jpg 846w\" sizes=\"100vw\" \/>\t\t\t\t\t\t\t\t\t\t\t\t\t\t\t<\/div>\n\t\t\t\t<\/div>\n\t\t\t\t<div class=\"elementor-element elementor-element-66d8295 elementor-widget elementor-widget-image\" data-id=\"66d8295\" data-element_type=\"widget\" data-e-type=\"widget\" data-widget_type=\"image.default\">\n\t\t\t\t<div class=\"elementor-widget-container\">\n\t\t\t\t\t\t\t\t\t\t\t\t\t\t\t<img decoding=\"async\" width=\"598\" height=\"799\" src=\"https:\/\/zwyzka-kielce.pl\/wp-content\/uploads\/2024\/06\/image000002.jpg\" class=\"attachment-large size-large wp-image-126\" alt=\"\" srcset=\"https:\/\/zwyzka-kielce.pl\/wp-content\/uploads\/2024\/06\/image000002.jpg 598w, https:\/\/zwyzka-kielce.pl\/wp-content\/uploads\/2024\/06\/image000002-225x300.jpg 225w\" sizes=\"100vw\" \/>\t\t\t\t\t\t\t\t\t\t\t\t\t\t\t<\/div>\n\t\t\t\t<\/div>\n\t\t\t\t<div class=\"elementor-element elementor-element-ec66844 elementor-widget elementor-widget-image\" data-id=\"ec66844\" data-element_type=\"widget\" data-e-type=\"widget\" data-widget_type=\"image.default\">\n\t\t\t\t<div class=\"elementor-widget-container\">\n\t\t\t\t\t\t\t\t\t\t\t\t\t\t\t<img decoding=\"async\" width=\"598\" height=\"799\" src=\"https:\/\/zwyzka-kielce.pl\/wp-content\/uploads\/2024\/06\/image000003.jpg\" class=\"attachment-large size-large wp-image-127\" alt=\"\" srcset=\"https:\/\/zwyzka-kielce.pl\/wp-content\/uploads\/2024\/06\/image000003.jpg 598w, https:\/\/zwyzka-kielce.pl\/wp-content\/uploads\/2024\/06\/image000003-225x300.jpg 225w\" sizes=\"100vw\" \/>\t\t\t\t\t\t\t\t\t\t\t\t\t\t\t<\/div>\n\t\t\t\t<\/div>\n\t\t\t\t<div class=\"elementor-element elementor-element-4d16653 elementor-widget elementor-widget-image\" data-id=\"4d16653\" data-element_type=\"widget\" data-e-type=\"widget\" data-widget_type=\"image.default\">\n\t\t\t\t<div class=\"elementor-widget-container\">\n\t\t\t\t\t\t\t\t\t\t\t\t\t\t\t<img loading=\"lazy\" decoding=\"async\" width=\"338\" height=\"452\" src=\"https:\/\/zwyzka-kielce.pl\/wp-content\/uploads\/2024\/06\/image000009.jpg\" class=\"attachment-large size-large wp-image-166\" alt=\"\" srcset=\"https:\/\/zwyzka-kielce.pl\/wp-content\/uploads\/2024\/06\/image000009.jpg 338w, https:\/\/zwyzka-kielce.pl\/wp-content\/uploads\/2024\/06\/image000009-224x300.jpg 224w\" sizes=\"100vw\" \/>\t\t\t\t\t\t\t\t\t\t\t\t\t\t\t<\/div>\n\t\t\t\t<\/div>\n\t\t\t\t<div class=\"elementor-element elementor-element-8c62527 elementor-widget elementor-widget-image\" data-id=\"8c62527\" data-element_type=\"widget\" data-e-type=\"widget\" data-widget_type=\"image.default\">\n\t\t\t\t<div class=\"elementor-widget-container\">\n\t\t\t\t\t\t\t\t\t\t\t\t\t\t\t<img loading=\"lazy\" decoding=\"async\" width=\"338\" height=\"452\" src=\"https:\/\/zwyzka-kielce.pl\/wp-content\/uploads\/2024\/06\/image000009-1.jpg\" class=\"attachment-large size-large wp-image-165\" alt=\"\" srcset=\"https:\/\/zwyzka-kielce.pl\/wp-content\/uploads\/2024\/06\/image000009-1.jpg 338w, https:\/\/zwyzka-kielce.pl\/wp-content\/uploads\/2024\/06\/image000009-1-224x300.jpg 224w\" sizes=\"100vw\" \/>\t\t\t\t\t\t\t\t\t\t\t\t\t\t\t<\/div>\n\t\t\t\t<\/div>\n\t\t\t\t<div class=\"elementor-element elementor-element-cd48704 elementor-widget elementor-widget-image\" data-id=\"cd48704\" data-element_type=\"widget\" data-e-type=\"widget\" data-widget_type=\"image.default\">\n\t\t\t\t<div class=\"elementor-widget-container\">\n\t\t\t\t\t\t\t\t\t\t\t\t\t\t\t<img loading=\"lazy\" decoding=\"async\" width=\"479\" height=\"640\" src=\"https:\/\/zwyzka-kielce.pl\/wp-content\/uploads\/2024\/06\/image000003-2.jpg\" class=\"attachment-large size-large wp-image-151\" alt=\"\" srcset=\"https:\/\/zwyzka-kielce.pl\/wp-content\/uploads\/2024\/06\/image000003-2.jpg 479w, https:\/\/zwyzka-kielce.pl\/wp-content\/uploads\/2024\/06\/image000003-2-225x300.jpg 225w\" sizes=\"100vw\" \/>\t\t\t\t\t\t\t\t\t\t\t\t\t\t\t<\/div>\n\t\t\t\t<\/div>\n\t\t\t\t\t<\/div>\n\t\t\t\t<\/div>\n\t\t<div class=\"elementor-element elementor-element-003a130 e-grid e-con-boxed e-con e-parent\" data-id=\"003a130\" data-element_type=\"container\" data-e-type=\"container\">\n\t\t\t\t\t<div class=\"e-con-inner\">\n\t\t\t\t<div class=\"elementor-element elementor-element-04c0b2f elementor-widget elementor-widget-image\" data-id=\"04c0b2f\" data-element_type=\"widget\" data-e-type=\"widget\" data-widget_type=\"image.default\">\n\t\t\t\t<div class=\"elementor-widget-container\">\n\t\t\t\t\t\t\t\t\t\t\t\t\t\t\t<img loading=\"lazy\" decoding=\"async\" width=\"338\" height=\"452\" src=\"https:\/\/zwyzka-kielce.pl\/wp-content\/uploads\/2024\/06\/image000007.jpg\" class=\"attachment-large size-large wp-image-163\" alt=\"\" srcset=\"https:\/\/zwyzka-kielce.pl\/wp-content\/uploads\/2024\/06\/image000007.jpg 338w, https:\/\/zwyzka-kielce.pl\/wp-content\/uploads\/2024\/06\/image000007-224x300.jpg 224w\" sizes=\"100vw\" \/>\t\t\t\t\t\t\t\t\t\t\t\t\t\t\t<\/div>\n\t\t\t\t<\/div>\n\t\t\t\t<div class=\"elementor-element elementor-element-15f83d2 elementor-widget elementor-widget-image\" data-id=\"15f83d2\" data-element_type=\"widget\" data-e-type=\"widget\" data-widget_type=\"image.default\">\n\t\t\t\t<div class=\"elementor-widget-container\">\n\t\t\t\t\t\t\t\t\t\t\t\t\t\t\t<img loading=\"lazy\" decoding=\"async\" width=\"338\" height=\"452\" src=\"https:\/\/zwyzka-kielce.pl\/wp-content\/uploads\/2024\/06\/image000007-1.jpg\" class=\"attachment-large size-large wp-image-162\" alt=\"\" srcset=\"https:\/\/zwyzka-kielce.pl\/wp-content\/uploads\/2024\/06\/image000007-1.jpg 338w, https:\/\/zwyzka-kielce.pl\/wp-content\/uploads\/2024\/06\/image000007-1-224x300.jpg 224w\" sizes=\"100vw\" \/>\t\t\t\t\t\t\t\t\t\t\t\t\t\t\t<\/div>\n\t\t\t\t<\/div>\n\t\t\t\t<div class=\"elementor-element elementor-element-2ac8d8e elementor-widget elementor-widget-image\" data-id=\"2ac8d8e\" data-element_type=\"widget\" data-e-type=\"widget\" data-widget_type=\"image.default\">\n\t\t\t\t<div class=\"elementor-widget-container\">\n\t\t\t\t\t\t\t\t\t\t\t\t\t\t\t<img loading=\"lazy\" decoding=\"async\" width=\"338\" height=\"452\" src=\"https:\/\/zwyzka-kielce.pl\/wp-content\/uploads\/2024\/06\/image000005.jpg\" class=\"attachment-large size-large wp-image-159\" alt=\"\" srcset=\"https:\/\/zwyzka-kielce.pl\/wp-content\/uploads\/2024\/06\/image000005.jpg 338w, https:\/\/zwyzka-kielce.pl\/wp-content\/uploads\/2024\/06\/image000005-224x300.jpg 224w\" sizes=\"100vw\" \/>\t\t\t\t\t\t\t\t\t\t\t\t\t\t\t<\/div>\n\t\t\t\t<\/div>\n\t\t\t\t<div class=\"elementor-element elementor-element-1e8899c elementor-widget elementor-widget-image\" data-id=\"1e8899c\" data-element_type=\"widget\" data-e-type=\"widget\" data-widget_type=\"image.default\">\n\t\t\t\t<div class=\"elementor-widget-container\">\n\t\t\t\t\t\t\t\t\t\t\t\t\t\t\t<img loading=\"lazy\" decoding=\"async\" width=\"479\" height=\"640\" src=\"https:\/\/zwyzka-kielce.pl\/wp-content\/uploads\/2024\/06\/image000005-2.jpg\" class=\"attachment-large size-large wp-image-158\" alt=\"\" srcset=\"https:\/\/zwyzka-kielce.pl\/wp-content\/uploads\/2024\/06\/image000005-2.jpg 479w, https:\/\/zwyzka-kielce.pl\/wp-content\/uploads\/2024\/06\/image000005-2-225x300.jpg 225w\" sizes=\"100vw\" \/>\t\t\t\t\t\t\t\t\t\t\t\t\t\t\t<\/div>\n\t\t\t\t<\/div>\n\t\t\t\t<div class=\"elementor-element elementor-element-82e2d06 elementor-widget elementor-widget-image\" data-id=\"82e2d06\" data-element_type=\"widget\" data-e-type=\"widget\" data-widget_type=\"image.default\">\n\t\t\t\t<div class=\"elementor-widget-container\">\n\t\t\t\t\t\t\t\t\t\t\t\t\t\t\t<img loading=\"lazy\" decoding=\"async\" width=\"338\" height=\"452\" src=\"https:\/\/zwyzka-kielce.pl\/wp-content\/uploads\/2024\/06\/image000004-3.jpg\" class=\"attachment-large size-large wp-image-154\" alt=\"\" srcset=\"https:\/\/zwyzka-kielce.pl\/wp-content\/uploads\/2024\/06\/image000004-3.jpg 338w, https:\/\/zwyzka-kielce.pl\/wp-content\/uploads\/2024\/06\/image000004-3-224x300.jpg 224w\" sizes=\"100vw\" \/>\t\t\t\t\t\t\t\t\t\t\t\t\t\t\t<\/div>\n\t\t\t\t<\/div>\n\t\t\t\t<div class=\"elementor-element elementor-element-4325e85 elementor-widget elementor-widget-image\" data-id=\"4325e85\" data-element_type=\"widget\" data-e-type=\"widget\" data-widget_type=\"image.default\">\n\t\t\t\t<div class=\"elementor-widget-container\">\n\t\t\t\t\t\t\t\t\t\t\t\t\t\t\t<img loading=\"lazy\" decoding=\"async\" width=\"479\" height=\"640\" src=\"https:\/\/zwyzka-kielce.pl\/wp-content\/uploads\/2024\/06\/image000003-3.jpg\" class=\"attachment-large size-large wp-image-147\" alt=\"\" srcset=\"https:\/\/zwyzka-kielce.pl\/wp-content\/uploads\/2024\/06\/image000003-3.jpg 479w, https:\/\/zwyzka-kielce.pl\/wp-content\/uploads\/2024\/06\/image000003-3-225x300.jpg 225w\" sizes=\"100vw\" \/>\t\t\t\t\t\t\t\t\t\t\t\t\t\t\t<\/div>\n\t\t\t\t<\/div>\n\t\t\t\t\t<\/div>\n\t\t\t\t<\/div>\n\t\t<div class=\"elementor-element elementor-element-bf916b0 e-grid e-con-boxed e-con e-parent\" data-id=\"bf916b0\" data-element_type=\"container\" data-e-type=\"container\">\n\t\t\t\t\t<div class=\"e-con-inner\">\n\t\t\t\t<div class=\"elementor-element elementor-element-97687c5 elementor-widget elementor-widget-image\" data-id=\"97687c5\" data-element_type=\"widget\" data-e-type=\"widget\" data-widget_type=\"image.default\">\n\t\t\t\t<div class=\"elementor-widget-container\">\n\t\t\t\t\t\t\t\t\t\t\t\t\t\t\t<img loading=\"lazy\" decoding=\"async\" width=\"479\" height=\"640\" src=\"https:\/\/zwyzka-kielce.pl\/wp-content\/uploads\/2024\/06\/image000003-1.jpg\" class=\"attachment-large size-large wp-image-146\" alt=\"\" srcset=\"https:\/\/zwyzka-kielce.pl\/wp-content\/uploads\/2024\/06\/image000003-1.jpg 479w, https:\/\/zwyzka-kielce.pl\/wp-content\/uploads\/2024\/06\/image000003-1-225x300.jpg 225w\" sizes=\"100vw\" \/>\t\t\t\t\t\t\t\t\t\t\t\t\t\t\t<\/div>\n\t\t\t\t<\/div>\n\t\t\t\t<div class=\"elementor-element elementor-element-ed88bc9 elementor-widget elementor-widget-image\" data-id=\"ed88bc9\" data-element_type=\"widget\" data-e-type=\"widget\" data-widget_type=\"image.default\">\n\t\t\t\t<div class=\"elementor-widget-container\">\n\t\t\t\t\t\t\t\t\t\t\t\t\t\t\t<img loading=\"lazy\" decoding=\"async\" width=\"479\" height=\"640\" src=\"https:\/\/zwyzka-kielce.pl\/wp-content\/uploads\/2024\/06\/image000002-3.jpg\" class=\"attachment-large size-large wp-image-145\" alt=\"\" srcset=\"https:\/\/zwyzka-kielce.pl\/wp-content\/uploads\/2024\/06\/image000002-3.jpg 479w, https:\/\/zwyzka-kielce.pl\/wp-content\/uploads\/2024\/06\/image000002-3-225x300.jpg 225w\" sizes=\"100vw\" \/>\t\t\t\t\t\t\t\t\t\t\t\t\t\t\t<\/div>\n\t\t\t\t<\/div>\n\t\t\t\t<div class=\"elementor-element elementor-element-317921d elementor-widget elementor-widget-image\" data-id=\"317921d\" data-element_type=\"widget\" data-e-type=\"widget\" data-widget_type=\"image.default\">\n\t\t\t\t<div class=\"elementor-widget-container\">\n\t\t\t\t\t\t\t\t\t\t\t\t\t\t\t<img loading=\"lazy\" decoding=\"async\" width=\"338\" height=\"452\" src=\"https:\/\/zwyzka-kielce.pl\/wp-content\/uploads\/2024\/06\/image000002-4.jpg\" class=\"attachment-large size-large wp-image-144\" alt=\"\" srcset=\"https:\/\/zwyzka-kielce.pl\/wp-content\/uploads\/2024\/06\/image000002-4.jpg 338w, https:\/\/zwyzka-kielce.pl\/wp-content\/uploads\/2024\/06\/image000002-4-224x300.jpg 224w\" sizes=\"100vw\" \/>\t\t\t\t\t\t\t\t\t\t\t\t\t\t\t<\/div>\n\t\t\t\t<\/div>\n\t\t\t\t<div class=\"elementor-element elementor-element-558b7ec elementor-widget elementor-widget-image\" data-id=\"558b7ec\" data-element_type=\"widget\" data-e-type=\"widget\" data-widget_type=\"image.default\">\n\t\t\t\t<div class=\"elementor-widget-container\">\n\t\t\t\t\t\t\t\t\t\t\t\t\t\t\t<img loading=\"lazy\" decoding=\"async\" width=\"338\" height=\"452\" src=\"https:\/\/zwyzka-kielce.pl\/wp-content\/uploads\/2024\/06\/image000001-5.jpg\" class=\"attachment-large size-large wp-image-139\" alt=\"\" srcset=\"https:\/\/zwyzka-kielce.pl\/wp-content\/uploads\/2024\/06\/image000001-5.jpg 338w, https:\/\/zwyzka-kielce.pl\/wp-content\/uploads\/2024\/06\/image000001-5-224x300.jpg 224w\" sizes=\"100vw\" \/>\t\t\t\t\t\t\t\t\t\t\t\t\t\t\t<\/div>\n\t\t\t\t<\/div>\n\t\t\t\t<div class=\"elementor-element elementor-element-ffd5c83 elementor-widget elementor-widget-image\" data-id=\"ffd5c83\" data-element_type=\"widget\" data-e-type=\"widget\" data-widget_type=\"image.default\">\n\t\t\t\t<div class=\"elementor-widget-container\">\n\t\t\t\t\t\t\t\t\t\t\t\t\t\t\t<img loading=\"lazy\" decoding=\"async\" width=\"239\" height=\"319\" src=\"https:\/\/zwyzka-kielce.pl\/wp-content\/uploads\/2024\/06\/image000000-5.jpg\" class=\"attachment-large size-large wp-image-135\" alt=\"\" srcset=\"https:\/\/zwyzka-kielce.pl\/wp-content\/uploads\/2024\/06\/image000000-5.jpg 239w, https:\/\/zwyzka-kielce.pl\/wp-content\/uploads\/2024\/06\/image000000-5-225x300.jpg 225w\" sizes=\"100vw\" \/>\t\t\t\t\t\t\t\t\t\t\t\t\t\t\t<\/div>\n\t\t\t\t<\/div>\n\t\t\t\t<div class=\"elementor-element elementor-element-c531ae7 elementor-widget elementor-widget-image\" data-id=\"c531ae7\" data-element_type=\"widget\" data-e-type=\"widget\" data-widget_type=\"image.default\">\n\t\t\t\t<div class=\"elementor-widget-container\">\n\t\t\t\t\t\t\t\t\t\t\t\t\t\t\t<img loading=\"lazy\" decoding=\"async\" width=\"338\" height=\"452\" src=\"https:\/\/zwyzka-kielce.pl\/wp-content\/uploads\/2024\/06\/image000000-4.jpg\" class=\"attachment-large size-large wp-image-134\" alt=\"\" srcset=\"https:\/\/zwyzka-kielce.pl\/wp-content\/uploads\/2024\/06\/image000000-4.jpg 338w, https:\/\/zwyzka-kielce.pl\/wp-content\/uploads\/2024\/06\/image000000-4-224x300.jpg 224w\" sizes=\"100vw\" \/>\t\t\t\t\t\t\t\t\t\t\t\t\t\t\t<\/div>\n\t\t\t\t<\/div>\n\t\t\t\t\t<\/div>\n\t\t\t\t<\/div>\n\t\t\t\t<\/div>\n\t\t","protected":false},"excerpt":{"rendered":"","protected":false},"author":1,"featured_media":91,"parent":0,"menu_order":0,"comment_status":"closed","ping_status":"closed","template":"","meta":{"footnotes":""},"class_list":["post-105","page","type-page","status-publish","has-post-thumbnail","hentry"],"yoast_head":"<!-- This site is optimized with the Yoast SEO plugin v27.4 - https:\/\/yoast.com\/product\/yoast-seo-wordpress\/ -->\n<title>Ralizacje - Zwy\u017cka-Kielce<\/title>\n<meta name=\"robots\" content=\"index, follow, max-snippet:-1, max-image-preview:large, max-video-preview:-1\" \/>\n<link rel=\"canonical\" href=\"https:\/\/zwyzka-kielce.pl\/?page_id=105\" \/>\n<meta property=\"og:locale\" content=\"pl_PL\" \/>\n<meta property=\"og:type\" content=\"article\" \/>\n<meta property=\"og:title\" content=\"Ralizacje - Zwy\u017cka-Kielce\" \/>\n<meta property=\"og:url\" content=\"https:\/\/zwyzka-kielce.pl\/?page_id=105\" \/>\n<meta property=\"og:site_name\" content=\"Zwy\u017cka-Kielce\" \/>\n<meta property=\"article:modified_time\" content=\"2024-06-28T08:28:09+00:00\" \/>\n<meta property=\"og:image\" content=\"https:\/\/zwyzka-kielce.pl\/wp-content\/uploads\/2024\/06\/008.jpg\" \/>\n\t<meta property=\"og:image:width\" content=\"2000\" \/>\n\t<meta property=\"og:image:height\" content=\"1333\" \/>\n\t<meta property=\"og:image:type\" content=\"image\/jpeg\" \/>\n<meta name=\"twitter:card\" content=\"summary_large_image\" \/>\n<meta name=\"twitter:label1\" content=\"Szacowany czas czytania\" \/>\n\t<meta name=\"twitter:data1\" content=\"4 minuty\" \/>\n<script type=\"application\/ld+json\" class=\"yoast-schema-graph\">{\"@context\":\"https:\\\/\\\/schema.org\",\"@graph\":[{\"@type\":\"WebPage\",\"@id\":\"https:\\\/\\\/zwyzka-kielce.pl\\\/?page_id=105\",\"url\":\"https:\\\/\\\/zwyzka-kielce.pl\\\/?page_id=105\",\"name\":\"Ralizacje - Zwy\u017cka-Kielce\",\"isPartOf\":{\"@id\":\"http:\\\/\\\/zwyzka-kielce.pl\\\/#website\"},\"primaryImageOfPage\":{\"@id\":\"https:\\\/\\\/zwyzka-kielce.pl\\\/?page_id=105#primaryimage\"},\"image\":{\"@id\":\"https:\\\/\\\/zwyzka-kielce.pl\\\/?page_id=105#primaryimage\"},\"thumbnailUrl\":\"http:\\\/\\\/zwyzka-kielce.pl\\\/wp-content\\\/uploads\\\/2024\\\/06\\\/008.jpg\",\"datePublished\":\"2024-06-24T13:55:37+00:00\",\"dateModified\":\"2024-06-28T08:28:09+00:00\",\"breadcrumb\":{\"@id\":\"https:\\\/\\\/zwyzka-kielce.pl\\\/?page_id=105#breadcrumb\"},\"inLanguage\":\"pl-PL\",\"potentialAction\":[{\"@type\":\"ReadAction\",\"target\":[\"https:\\\/\\\/zwyzka-kielce.pl\\\/?page_id=105\"]}]},{\"@type\":\"ImageObject\",\"inLanguage\":\"pl-PL\",\"@id\":\"https:\\\/\\\/zwyzka-kielce.pl\\\/?page_id=105#primaryimage\",\"url\":\"http:\\\/\\\/zwyzka-kielce.pl\\\/wp-content\\\/uploads\\\/2024\\\/06\\\/008.jpg\",\"contentUrl\":\"http:\\\/\\\/zwyzka-kielce.pl\\\/wp-content\\\/uploads\\\/2024\\\/06\\\/008.jpg\",\"width\":2000,\"height\":1333},{\"@type\":\"BreadcrumbList\",\"@id\":\"https:\\\/\\\/zwyzka-kielce.pl\\\/?page_id=105#breadcrumb\",\"itemListElement\":[{\"@type\":\"ListItem\",\"position\":1,\"name\":\"Home\",\"item\":\"http:\\\/\\\/zwyzka-kielce.pl\\\/\"},{\"@type\":\"ListItem\",\"position\":2,\"name\":\"Ralizacje\"}]},{\"@type\":\"WebSite\",\"@id\":\"http:\\\/\\\/zwyzka-kielce.pl\\\/#website\",\"url\":\"http:\\\/\\\/zwyzka-kielce.pl\\\/\",\"name\":\"Zwy\u017cka-Kielce\",\"description\":\"Us\u0142ugi podno\u015bnikiem koszowym\",\"publisher\":{\"@id\":\"http:\\\/\\\/zwyzka-kielce.pl\\\/#organization\"},\"potentialAction\":[{\"@type\":\"SearchAction\",\"target\":{\"@type\":\"EntryPoint\",\"urlTemplate\":\"http:\\\/\\\/zwyzka-kielce.pl\\\/?s={search_term_string}\"},\"query-input\":{\"@type\":\"PropertyValueSpecification\",\"valueRequired\":true,\"valueName\":\"search_term_string\"}}],\"inLanguage\":\"pl-PL\"},{\"@type\":\"Organization\",\"@id\":\"http:\\\/\\\/zwyzka-kielce.pl\\\/#organization\",\"name\":\"Zwy\u017cka-Kielce\",\"url\":\"http:\\\/\\\/zwyzka-kielce.pl\\\/\",\"logo\":{\"@type\":\"ImageObject\",\"inLanguage\":\"pl-PL\",\"@id\":\"http:\\\/\\\/zwyzka-kielce.pl\\\/#\\\/schema\\\/logo\\\/image\\\/\",\"url\":\"http:\\\/\\\/zwyzka-kielce.pl\\\/wp-content\\\/uploads\\\/2024\\\/06\\\/cropped-Necroexpo_2024_tyl_calosc.gif\",\"contentUrl\":\"http:\\\/\\\/zwyzka-kielce.pl\\\/wp-content\\\/uploads\\\/2024\\\/06\\\/cropped-Necroexpo_2024_tyl_calosc.gif\",\"width\":943,\"height\":250,\"caption\":\"Zwy\u017cka-Kielce\"},\"image\":{\"@id\":\"http:\\\/\\\/zwyzka-kielce.pl\\\/#\\\/schema\\\/logo\\\/image\\\/\"}}]}<\/script>\n<!-- \/ Yoast SEO plugin. -->","yoast_head_json":{"title":"Ralizacje - Zwy\u017cka-Kielce","robots":{"index":"index","follow":"follow","max-snippet":"max-snippet:-1","max-image-preview":"max-image-preview:large","max-video-preview":"max-video-preview:-1"},"canonical":"https:\/\/zwyzka-kielce.pl\/?page_id=105","og_locale":"pl_PL","og_type":"article","og_title":"Ralizacje - Zwy\u017cka-Kielce","og_url":"https:\/\/zwyzka-kielce.pl\/?page_id=105","og_site_name":"Zwy\u017cka-Kielce","article_modified_time":"2024-06-28T08:28:09+00:00","og_image":[{"width":2000,"height":1333,"url":"https:\/\/zwyzka-kielce.pl\/wp-content\/uploads\/2024\/06\/008.jpg","type":"image\/jpeg"}],"twitter_card":"summary_large_image","twitter_misc":{"Szacowany czas czytania":"4 minuty"},"schema":{"@context":"https:\/\/schema.org","@graph":[{"@type":"WebPage","@id":"https:\/\/zwyzka-kielce.pl\/?page_id=105","url":"https:\/\/zwyzka-kielce.pl\/?page_id=105","name":"Ralizacje - Zwy\u017cka-Kielce","isPartOf":{"@id":"http:\/\/zwyzka-kielce.pl\/#website"},"primaryImageOfPage":{"@id":"https:\/\/zwyzka-kielce.pl\/?page_id=105#primaryimage"},"image":{"@id":"https:\/\/zwyzka-kielce.pl\/?page_id=105#primaryimage"},"thumbnailUrl":"http:\/\/zwyzka-kielce.pl\/wp-content\/uploads\/2024\/06\/008.jpg","datePublished":"2024-06-24T13:55:37+00:00","dateModified":"2024-06-28T08:28:09+00:00","breadcrumb":{"@id":"https:\/\/zwyzka-kielce.pl\/?page_id=105#breadcrumb"},"inLanguage":"pl-PL","potentialAction":[{"@type":"ReadAction","target":["https:\/\/zwyzka-kielce.pl\/?page_id=105"]}]},{"@type":"ImageObject","inLanguage":"pl-PL","@id":"https:\/\/zwyzka-kielce.pl\/?page_id=105#primaryimage","url":"http:\/\/zwyzka-kielce.pl\/wp-content\/uploads\/2024\/06\/008.jpg","contentUrl":"http:\/\/zwyzka-kielce.pl\/wp-content\/uploads\/2024\/06\/008.jpg","width":2000,"height":1333},{"@type":"BreadcrumbList","@id":"https:\/\/zwyzka-kielce.pl\/?page_id=105#breadcrumb","itemListElement":[{"@type":"ListItem","position":1,"name":"Home","item":"http:\/\/zwyzka-kielce.pl\/"},{"@type":"ListItem","position":2,"name":"Ralizacje"}]},{"@type":"WebSite","@id":"http:\/\/zwyzka-kielce.pl\/#website","url":"http:\/\/zwyzka-kielce.pl\/","name":"Zwy\u017cka-Kielce","description":"Us\u0142ugi podno\u015bnikiem koszowym","publisher":{"@id":"http:\/\/zwyzka-kielce.pl\/#organization"},"potentialAction":[{"@type":"SearchAction","target":{"@type":"EntryPoint","urlTemplate":"http:\/\/zwyzka-kielce.pl\/?s={search_term_string}"},"query-input":{"@type":"PropertyValueSpecification","valueRequired":true,"valueName":"search_term_string"}}],"inLanguage":"pl-PL"},{"@type":"Organization","@id":"http:\/\/zwyzka-kielce.pl\/#organization","name":"Zwy\u017cka-Kielce","url":"http:\/\/zwyzka-kielce.pl\/","logo":{"@type":"ImageObject","inLanguage":"pl-PL","@id":"http:\/\/zwyzka-kielce.pl\/#\/schema\/logo\/image\/","url":"http:\/\/zwyzka-kielce.pl\/wp-content\/uploads\/2024\/06\/cropped-Necroexpo_2024_tyl_calosc.gif","contentUrl":"http:\/\/zwyzka-kielce.pl\/wp-content\/uploads\/2024\/06\/cropped-Necroexpo_2024_tyl_calosc.gif","width":943,"height":250,"caption":"Zwy\u017cka-Kielce"},"image":{"@id":"http:\/\/zwyzka-kielce.pl\/#\/schema\/logo\/image\/"}}]}},"_links":{"self":[{"href":"http:\/\/zwyzka-kielce.pl\/index.php?rest_route=\/wp\/v2\/pages\/105","targetHints":{"allow":["GET"]}}],"collection":[{"href":"http:\/\/zwyzka-kielce.pl\/index.php?rest_route=\/wp\/v2\/pages"}],"about":[{"href":"http:\/\/zwyzka-kielce.pl\/index.php?rest_route=\/wp\/v2\/types\/page"}],"author":[{"embeddable":true,"href":"http:\/\/zwyzka-kielce.pl\/index.php?rest_route=\/wp\/v2\/users\/1"}],"replies":[{"embeddable":true,"href":"http:\/\/zwyzka-kielce.pl\/index.php?rest_route=%2Fwp%2Fv2%2Fcomments&post=105"}],"version-history":[{"count":8,"href":"http:\/\/zwyzka-kielce.pl\/index.php?rest_route=\/wp\/v2\/pages\/105\/revisions"}],"predecessor-version":[{"id":169,"href":"http:\/\/zwyzka-kielce.pl\/index.php?rest_route=\/wp\/v2\/pages\/105\/revisions\/169"}],"wp:featuredmedia":[{"embeddable":true,"href":"http:\/\/zwyzka-kielce.pl\/index.php?rest_route=\/wp\/v2\/media\/91"}],"wp:attachment":[{"href":"http:\/\/zwyzka-kielce.pl\/index.php?rest_route=%2Fwp%2Fv2%2Fmedia&parent=105"}],"curies":[{"name":"wp","href":"https:\/\/api.w.org\/{rel}","templated":true}]}}